 the remainder when 54127 is divided by 199.
198
Calculate the remainder when 68033 is divided by 56.
49
What is the remainder when 3552 is divided by 1563?
426
Calculate the remainder when 464 is divided by 195.
74
What is the remainder when 3764 is divided by 535?
19
What is the remainder when 2574 is divided by 1076?
422
Calculate the remainder when 89632 is divided by 17889.
187
Calculate the remainder when 4231 is divided by 381.
40
Calculate the remainder when 86558 is divided by 54.
50
Calculate the remainder when 85616 is divided by 28512.
80
What is the remainder when 32676 is divided by 8067?
408
What is the remainder when 34712 is divided by 21?
20
What is the remainder when 6336 is divided by 211?
6
Calculate the remainder when 108 is divided by 17.
6
What is the remainder when 567 is divided by 11?
6
What is the remainder when 4689 is divided by 360?
9
What is the remainder when 17350 is divided by 18?
16
What is the remainder when 179 is divided by 169?
10
What is the remainder when 26005 is divided by 57?
13
Calculate the remainder when 406568 is divided by 22.
8
Calculate the remainder when 3365 is divided by 1360.
645
What is the remainder when 14356 is divided by 3578?
44
Calculate the remainder when 47547 is divided by 64.
59
What is the remainder when 39180 is divided by 19583?
14
What is the remainder when 3673 is divided by 1116?
325
Calculate the remainder when 81268 is divided by 40630.
8
Calculate the remainder when 89 is divided by 48.
41
What is the remainder when 921 is divided by 162?
111
What is the remainder when 605 is divided by 30?
5
What is the remainder when 3710 is divided by 541?
464
Calculate the remainder when 936 is divided by 143.
78
What is the remainder when 65628 is divided by 167?
164
What is the remainder when 458 is divided by 182?
94
Calculate the remainder when 50859 is divided by 715.
94
What is the remainder when 9103 is divided by 217?
206
What is the remainder when 65652 is divided by 501?
21
What is the remainder when 33861 is divided by 861?
282
What is the remainder when 28384 is divided by 255?
79
What is the remainder when 403 is divided by 53?
32
Calculate the remainder when 136191 is divided by 671.
649
Calculate the remainder when 77929 is divided by 25805.
514
What is the remainder when 1065 is divided by 134?
127
Calculate the remainder when 4692 is divided by 894.
222
What is the remainder when 650717 is divided by 216903?
8
What is the remainder when 7563 is divided by 701?
553
Calculate the remainder when 3114 is divided by 386.
26
What is the remainder when 136310 is divided by 995?
990
Calculate the remainder when 2215 is divided by 110.
15
What is the remainder when 211523 is divided by 66?
59
What is the remainder when 846 is divided by 295?
256
Calculate the remainder when 483960 is divided by 21.
15
What is the remainder when 3766 is divided by 3746?
20
What is the remainder when 119947 is divided by 588?
583
What is the remainder when 11204 is divided by 265?
74
Calculate the remainder when 98499 is divided by 3171.
198
Calculate the remainder when 20323 is divided by 10132.
59
What is the remainder when 773158 is divided by 3?
1
What is the remainder when 15259 is divided by 48?
43
Calculate the remainder when 179 is divided by 7.
4
Calculate the remainder when 11896 is divided by 2879.
380
Calculate the remainder when 11641 is divided by 3876.
13
Calculate the remainder when 20698 is divided by 230.
228
What is the remainder when 49827 is divided by 150?
27
What is the remainder when 8566 is divided by 51?
49
Calculate the remainder when 7136 is divided by 2144.
704
Calculate the remainder when 139762 is divided by 1020.
22
What is the remainder when 21299 is divided by 3547?
17
What is the remainder when 4671 is divided by 924?
51
Calculate the remainder when 61762 is divided by 1211.
1
Calculate the remainder when 85779 is divided by 85767.
12
What is the remainder when 72190 is divided by 72177?
13
What is the remainder when 410073 is divided by 123?
114
What is the remainder when 15027 is divided by 218?
203
What is the remainder when 64003 is divided by 254?
249
Calculate the remainder when 16207 is divided by 223.
151
Calculate the remainder when 91149 is divided by 45545.
59
What is the remainder when 99215 is divided by 317?
311
What is the remainder when 2992 is divided by 64?
48
Calculate the remainder when 1865 is divided by 2.
1
What is the remainder when 25963 is divided by 107?
69
Calculate the remainder when 20438 is divided by 677.
128
What is the remainder when 7521 is divided by 1230?
141
Calculate the remainder when 253780 is divided by 2372.
2348
What is the remainder when 150173 is divided by 104?
101
What is the remainder when 139917 is divided by 106?
103
What is the remainder when 72170 is divided by 784?
42
Calculate the remainder when 8179 is divided by 307.
197
What is the remainder when 61841 is divided by 11?
10
What is the remainder when 4526 is divided by 117?
80
Calculate the remainder when 230803 is divided by 219.
196
Calculate the remainder when 5544 is divided by 5111.
433
Calculate the remainder when 7891 is divided by 374.
37
Calculate the remainder when 4433 is divided by 213.
173
What is the remainder when 1737 is divided by 199?
145
What is the remainder when 88577 is divided by 222?
221
Calculate the remainder when 82533 is divided by 6347.
22
What is the remainder when 154926 is divided by 129?
126
What is the remainder when 3635 is divided by 901?
31
Calculate the remainder when 10577 is divided by 522.
137
What is the remainder when 10588 is divided by 2107?
53
Calculate the remainder when 6088 is divided by 25.
13
What is the remainder when 3266 is divided by 1514?
238
Calculate the remainder when 3092 is divided by 236.
24
Calculate the remainder when 31388 is divided by 160.
28
What is the remainder when 35017 is divided by 1056?
169
What is the remainder when 2658 is divided by 7?
5
What is the remainder when 48034 is divided by 21?
7
Calculate the remainder when 2631 is divided by 874.
9
What is the remainder when 54721 is divided by 39?
4
What is the remainder when 60144 is divided by 2147?
28
What is the remainder when 7006 is divided by 437?
14
Calculate the remainder when 2320603 is divided by 139.
137
Calculate the remainder when 2219 is divided by 478.
307
Calculate the remainder when 27305 is divided by 2275.
5
What is the remainder when 35765 is divided by 54?
17
What is the remainder when 324333 is divided by 29?
26
What is the remainder when 2572 is divided by 193?
63
What is the remainder when 112345 is divided by 350?
345
What is the remainder when 96271 is divided by 57?
55
What is the remainder when 35651 is divided by 17817?
17
What is the remainder when 12494 is divided by 26?
14
Calculate the remainder when 332223 is divided by 137.
135
Calculate the remainder when 21474 is divided by 341.
332
Calculate the remainder when 10350 is divided by 87.
84
What is the remainder when 78699 is divided by 640?
619
Calculate the remainder when 742 is divided by 201.
139
Calculate the remainder when 42527 is divided by 495.
452
What is the remainder when 1271 is divided by 529?
213
Calculate the remainder when 6345 is divided by 1793.
966
What is the remainder when 20698 is divided by 10347?
4
What is the remainder when 42985 is divided by 1482?
7
What is the remainder when 10574 is divided by 898?
696
Calculate the remainder when 16772 is divided by 2094.
20
Calculate the remainder when 25780 is divided by 20.
0
What is the remainder when 5226 is divided by 17?
7
What is the remainder when 14519 is divided by 274?
271
What is the remainder when 119532 is divided by 17070?
42
What is the remainder when 160364 is divided by 8?
4
Calculate the remainder when 1652685 is divided by 72.
69
Calculate the remainder when 9125 is divided by 7544.
1581
Calculate the remainder when 554959 is divided by 92492.
7
Calculate the remainder when 5706 is divided by 79.
18
What is the remainder when 236 is divided by 128?
108
What is the remainder when 11274 is divided by 2?
0
Calculate the remainder when 71193 is divided by 17797.
5
Calculate the remainder when 17903 is divided by 4472.
15
What is the remainder when 1161025 is d